 of 1546?
False
Is 76 a factor of 49276?
False
Is 22491 a multiple of 3?
True
Is 82944 a multiple of 36?
True
Is 34 a factor of 101972?
False
Is 4 a factor of 145651?
False
Does 2 divide 12620?
True
Is 18 a factor of 3613698?
True
Is 7281 a multiple of 7?
False
Is 57 a factor of 7904184?
False
Is 77 a factor of 957915?
False
Is 3 a factor of 3183?
True
Does 14 divide 24172218?
True
Does 11 divide 382624?
True
Is 11864 a multiple of 8?
True
Is 21 a factor of 162256?
False
Is 86 a factor of 675361?
False
Is 4 a factor of 10963011?
False
Is 319440 a multiple of 528?
True
Is 25 a factor of 12633758?
False
Is 276552 a multiple of 167?
True
Is 438328 a multiple of 27?
False
Does 206 divide 184370?
True
Is 8260743 a multiple of 287?
False
Does 204 divide 1895850?
False
Is 38 a factor of 3078798?
True
Does 12 divide 8741119?
False
Is 13 a factor of 1237730?
True
Is 238891 a multiple of 102?
False
Does 64 divide 2470941?
False
Is 11441838 a multiple of 167?
True
Is 80 a factor of 209526?
False
Is 353 a factor of 22165887?
False
Is 11225040 a multiple of 40?
True
Is 288063 a multiple of 227?
True
Is 2496200 a multiple of 280?
True
Is 41 a factor of 316745?
False
Does 15 divide 3026806?
False
Is 40 a factor of 1548080?
True
Does 105 divide 2391480?
True
Is 2364512 a multiple of 15?
False
Does 16 divide 2963872?
True
Is 9 a factor of 181359?
True
Is 10162496 a multiple of 16?
True
Is 70 a factor of 15209?
False
Does 111 divide 388124?
False
Is 12 a factor of 76733?
False
Is 342711 a multiple of 134?
False
Is 16634 a multiple of 2?
True
Is 492010 a multiple of 8?
False
Is 5107276 a multiple of 268?
True
Is 13661 a multiple of 2?
False
Is 79 a factor of 2344409?
False
Is 57 a factor of 213579?
True
Is 1376858 a multiple of 7?
True
Is 76596 a multiple of 13?
True
Is 20307942 a multiple of 54?
True
Is 25326 a multiple of 7?
True
Is 11550 a multiple of 15?
True
Does 43 divide 23700?
False
Is 254610 a multiple of 138?
True
Does 305 divide 1180041?
False
Does 1424 divide 5294354?
False
Does 62 divide 5822226?
False
Is 19041808 a multiple of 922?
False
Is 30 a factor of 486540?
True
Is 239 a factor of 291102?
True
Is 23 a factor of 56582?
False
Is 570275 a multiple of 25?
True
Does 9 divide 167913?
True
Is 4 a factor of 1816388?
True
Is 107967 a multiple of 74?
False
Is 270 a factor of 2638980?
True
Is 9 a factor of 74088?
True
Is 9 a factor of 294273?
True
Is 7 a factor of 62069?
True
Does 69 divide 628521?
True
Is 30902 a multiple of 22?
False
Is 16353264 a multiple of 16?
True
Is 10 a factor of 138842?
False
Is 10100700 a multiple of 12?
True
Is 151768 a multiple of 65?
False
Is 17 a factor of 2345218?
True
Does 5 divide 880609?
False
Is 1595 a multiple of 422?
False
Is 33 a factor of 856636?
False
Does 170 divide 130900?
True
Is 113667 a multiple of 109?
False
Is 353050 a multiple of 115?
True
Does 15 divide 24440?
False
Is 841 a factor of 630750?
True
Does 3 divide 187547?
False
Is 134 a factor of 2649216?
False
Is 26447 a multiple of 161?
False
Is 1325989 a multiple of 11?
False
Is 74606 a multiple of 14?
True
Is 23 a factor of 98864?
False
Is 107 a factor of 119455?
False
Is 120 a factor of 3163194?
False
Is 7 a factor of 18403?
True
Does 660 divide 2638422?
False
Is 604 a factor of 6423540?
True
Is 217 a factor of 544453?
True
Does 14 divide 4064611?
False
Does 96 divide 1477728?
True
Does 166 divide 354742?
True
Does 10 divide 128500?
True
Is 9516874 a multiple of 294?
False
Does 124 divide 231288?
False
Is 37 a factor of 319347?
True
Is 11021840 a multiple of 16?
True
Does 102 divide 3060?
True
Is 32 a factor of 2232458?
False
Is 211 a factor of 6240189?
False
Does 27 divide 142344?
True
Is 1969 a factor of 5087896?
True
Is 84 a factor of 518713?
False
Is 388 a factor of 3257260?
True
Is 48864 a multiple of 32?
True
Is 7 a factor of 1517420?
False
Does 298 divide 2244558?
False
Does 16 divide 3229984?
True
Is 1325236 a multiple of 6?
False
Is 318 a factor of 306953?
False
Is 5149369 a multiple of 189?
False
Does 14 divide 50949?
False
Is 398 a factor of 215954?
False
Is 28 a factor of 8321138?
False
Is 51 a factor of 795049?
False
Is 1488128 a multiple of 29?
False
Is 42 a factor of 117658?
False
Is 25 a factor of 696925?
True
Is 73 a factor of 7654853?
True
Does 6 divide 4074030?
True
Does 5 divide 2299363?
False
Is 11 a factor of 2179875?
False
Is 16 a factor of 13277?
False
Does 9 divide 450522?
True
Is 95181 a multiple of 73?
False
Does 90 divide 3807720?
True
Does 111 divide 2441682?
False
Is 58698 a multiple of 45?
False
Is 42 a factor of 547512?
True
Does 5 divide 84075?
True
Is 75816 a multiple of 26?
True
Does 61 divide 32149?
False
Is 265 a factor of 289645?
True
Is 140072 a multiple of 126?
False
Does 17 divide 46457?
False
Does 523 divide 1798168?
False
Does 108 divide 1336176?
True
Does 24 divide 1179744?
True
Does 5 divide 33209?
False
Is 11 a factor of 178486?
True
Is 58 a factor of 265486?
False
Is 8 a factor of 24713?
False
Does 399 divide 3468507?
True
Is 137456 a multiple of 88?
True
Is 49834 even?
True
Is 4 a factor of 548942?
False
Does 17 divide 27044?
False
Is 5179751 a multiple of 14?
False
Is 3494784 a multiple of 19?
True
Is 831228 a multiple of 613?
True
Does 3 divide 111261?
True
Is 60 a factor of 102439?
False
Does 13 divide 2432341?
False
Does 8 divide 5344424?
True
Does 394 divide 24984627?
False
Is 6 a factor of 1032189?
False
Is 17463601 a multiple of 1435?
False
Is 27 a factor of 21534?
False
Does 16 divide 1519968?
True
Is 3685676 a multiple of 64?
False
Is 711 a factor of 1122238?
False
Is 93062 a multiple of 158?
True
Is 58050 a multiple of 430?
True
Does 32 divide 639072?
True
Is 486408 a multiple of 39?
True
Does 11 divide 35640?
True
Is 3216790 a multiple of 241?
False
Is 11 a factor of 8613?
True
Is 1242 a factor of 6443496?
True
Is 2 a factor of 72237?
False
Is 29 a factor of 258042?
True
Is 493950 a multiple of 30?
True
Is 3290740 a multiple of 46?
False
Is 166852 a multiple of 14?
True
Is 3 a factor of 180381?
True
Does 306 divide 154224?
True
Does 160 divide 2969628?
False
Is 88536 a multiple of 4?
True
Is 409 a factor of 314641?
False
Is 158 a factor of 5122044?
True
Is 341160 a multiple of 120?
True
Does 120 divide 980280?
True
Is 17 a factor of 422008?
True
Is 292 a factor of 4594271?
False
Is 17 a factor of 74562?
True
Is 20 a factor of 1126920?
True
Does 381 divide 416433?
True
Does 13 divide 702710?
False
Is 7 a factor of 132092?
False
Does 17 divide 498661?
True
Is 369 a factor of 245016?
True
Is 5 a factor of 376413?
False
Is 141 a factor of 20869993?
False
Does 425 divide 7718405?
False
Does 346 divide 677462?
False
Is 234 a factor of 1185210?
True
Does 239 divide 127023?
False
Is 470877 a multiple of 11?
True
Is 2602484 a multiple of 508?
True
Is 503 a factor of 20628?
False
Is 566436 a multiple of 294?
False
Does 64 divide 1337728?
True
Is 428 a factor of 15275748?
True
Is 82373 a multiple of 2?
False
Does 19 divide 278627?
False
Is 4 a factor of 670040?
True
Is 2643534 a multiple of 163?
True
Does 13 divide 596488?
False
Does 520 divide 100880?
True
Is 621878 a multiple of 164?
False
Is 9553112 a multiple of 52?
False
Is 1029292 a multiple of 11?
True
Is 4 a factor of 252848?
True
Is 498 a factor of 3361033?
False
Does 74 divide 139786?
True
Does 2668 divide 26437212?
True
Does 126 divide 1660772?
False
Does 21 divide 6722730?
True
Does 118 divide 24835259?
False
Does 153 divide 294810?
False
Is 640 a multiple of 10?
True
Is 278140 a multiple of 10?
True
Does 544 divide 327047?
False
Is 137 a factor of 1550840?
True
Is 33471 a multiple of 65?
False
Is 23 a factor of 1598799?
True
Is 99 a factor of 7827?
False
Is 7861284 a multiple of 9?
True
Is 7 a factor of 111153?
True
Does 42 divide 108325?
False
Is 275424 a multiple of 122?
False
Is 43 a factor of 602?
True
Is 106 a factor of 3393291?
False
Is 243 a factor of 477981?
True
Is 16 a factor of 1550360?
False
Is 420 a factor of 380100?
True
Is 14 a factor of 443807?
False
Is 83 a factor of 109062?
True
Does 174 divide 1746714?
False
Is 173571 a multiple of 27?
False
Is 33 a factor of 12596991?
True
Does 274 divide 25705?
False
Is 12066728 a multiple of 8?
True
Is 366 a factor of 11920?
False
Is 11 a factor of 381438?
False
Is 270848 a multiple